10?
-21020111021132
In base 4, what is 232213 - -30232010?
31130223
In base 12, what is -8290298 + -3?
-829029b
In base 7, what is 15 - -232205556?
232205604
In base 10, what is 4046 + 1308?
5354
In base 11, what is -49868 - 520?
-4a288
In base 16, what is 66f91e - -2?
66f920
In base 14, what is 1591c55 + -5?
1591c50
In base 6, what is -3 + 355030321?
355030314
In base 15, what is 15bd749 + -18?
15bd731
In base 2, what is 111110101000100000 + 11100010?
111110101100000010
In base 16, what is -2 + -216f6b?
-216f6d
In base 2, what is 10 + -1100111110010110001000?
-1100111110010110000110
In base 5, what is -202403 + -14314?
-222222
In base 9, what is -1236 - 13426?
-14663
In base 11, what is -7a2225981 + 5?
-7a2225977
In base 14, what is d + -3b1b3?
-3b1a4
In base 10, what is -60 + 746799?
746739
In base 14, what is 1106 + -8dd3?
-7ccb
In base 5, what is -1 - -111323420032?
111323420031
In base 3, what is 1012 - 11201021020002?
-11201021011220
In base 11, what is -a6a + -836?
-17a5
In base 2, what is -111110 + 11100001010010101?
11100001001010111
In base 11, what is 5 + -116012a?
-1160125
In base 8, what is -5642773 + -41?
-5643034
In base 14, what is 3 + -117cbc3?
-117cbc0
In base 15, what is -63329 - -47?
-632d2
In base 2, what is 0 + -10000110111000100100011011001?
-10000110111000100100011011001
In base 9, what is -18 + -24704475?
-24704504
In base 7, what is -4 + 2435463213?
2435463206
In base 6, what is -4 - 240010432?
-240010440
In base 2, what is -110010111111111011010 + -111?
-110010111111111100001
In base 13, what is -39b + 7900?
7532
In base 11, what is -209635 - 122?
-209757
In base 2, what is -100 - -1001110111110010101?
1001110111110010001
In base 7, what is 634615 - 111?
634504
In base 13, what is -4 - -6a084c?
6a0848
In base 7, what is -3134313 + -35?
-3134351
In base 15, what is -65b + 1b0be?
1a963
In base 11, what is -1a2352 - 128?
-1a247a
In base 11, what is 9236a8 - -3?
923700
In base 12, what is -a + 109609?
1095bb
In base 8, what is 35 + -1502374?
-1502337
In base 7, what is -43 - -5261663?
5261620
In base 6, what is 5250 - 111042?
-101352
In base 15, what is -198 - -a9152?
a8ea9
In base 11, what is -289a3745 + -a?
-289a3754
In base 9, what is -12376 - -122471?
110084
In base 16, what is 27a412b0 - 4?
27a412ac
In base 7, what is 2 + 34013322?
34013324
In base 12, what is 198ab0 + 480?
199370
In base 13, what is 71a4 + 3a5b?
ac32
In base 16, what is 5 + 22d585f?
22d5864
In base 15, what is 688c9 + 42?
6891b
In base 7, what is 46 + 2313430?
2313506
In base 5, what is -330 + -1331321312?
-1331322142
In base 5, what is -4 - -41300404342?
41300404333
In base 8, what is -21434 - -12?
-21422
In base 14, what is -2 + -a0067?
-a0069
In base 15, what is -5 + 1a0c2d?
1a0c28
In base 10, what is -2566283 + -21?
-2566304
In base 2, what is 100 + -100001000010101010011?
-100001000010101001111
In base 5, what is 10 + -123222303?
-123222243
In base 3, what is -22221202211 - 200022?
-22222110010
In base 3, what is -2002022010121202 - -2?
-2002022010121200
In base 13, what is 42a - -7435b?
74788
In base 4, what is 10011023020 + 103?
10011023123
In base 16, what is -1e + 16dd06?
16dce8
In base 5, what is 23443023 + 32?
23443110
In base 14, what is -b - b295d9?
-b29606
In base 7, what is 110125056 + -2?
110125054
In base 4, what is 3331122001 + 1333?
3331130000
In base 2, what is -110 + -10011001010100000110?
-10011001010100001100
In base 11, what is 13 - 2917147?
-2917134
In base 11, what is -4071 + 2442?
-172a
In base 3, what is -220002021120011 + 1011?
-220002021112000
In base 16, what is 51 - 2ac251?
-2ac200
In base 8, what is 322737737 + 13?
322737752
In base 13, what is -578324 + 1?
-578323
In base 5, what is 13323 - 1103111?
-1034233
In base 12, what is -63 + bb294?
bb231
In base 12, what is -2 + 11955a?
119558
In base 4, what is -21011022133 - -10?
-21011022123
In base 4, what is 2300321000 + -220?
2300320120
In base 15, what is -1a16 - 1903?
-3419
In base 8, what is 10 + -71233656?
-71233646
In base 11, what is -2143834a + -4?
-21438353
In base 14, what is -34661 - -17?
-34648
In base 8, what is -37 - 2040107?
-2040146
In base 12, what is -2724 - -12bb?
-1425
In base 14, what is -1c - aabd54?
-aabd72
In base 14, what is 58 + -169274?
-16921a
In base 6, what is 341335241 - -2?
341335243
In base 12, what is 3939 + -4793?
-a56
In base 7, what is 6 - -1565150?
1565156
In base 4, what is 132322 - 1213033?
-1020111
In base 9, what is -3137815062 + 2?
-3137815060
In base 13, what is 12059765 + -3?
12059762
In base 13, what is -13a3 - -3062?
198c
In base 16, what is 1187f - 29?
11856
In base 4, what is 2301321 + -12032?
2223223
In base 7, what is -2 + 343035110?
343035105
In base 2, what is -1011 - -1100110101000010001001101?
1100110101000010001000010
In base 14, what is 17 - 56db9c?
-56db85
In base 6, what is 22430010201 - -4?
22430010205
In base 6, what is 0 + -50235235?
-50235235
In base 10, what is 0 + -99729688?
-99729688
In base 13, what is 0 - -412311?
412311
In base 10, what is -3116 + -75624?
-78740
In base 5, what is 2 - -22233004421?
22233004423
In base 9, what is -2 - 3005887?
-3006000
In base 5, what is 1014 + -104321210?
-104320141
In base 6, what is -251513141410 + 4?
-251513141402
In base 11, what is 4 - -20401aa0?
20401aa4
In base 5, what is -3223121044 - -104?
-3223120440
In base 5, what is -3 - -3004021304?
3004021301
In base 14, what is -386 - 13414?
-1379a
In base 15, what is -4317 + 754?
-3ab3
In base 5, what is 10 + -1331034432?
-1331034422
In base 11, what is 21 - -1a2815?
1a2836
In base 8, what is -26266 + 635?
-25431
In base 4, what is 1310210311 + -2100?
1310202211
In base 9, what is -2667237 + 1?
-2667236
In base 3, what is -120210 - 2221220220222?
-2221221111202
In base 15, what is 1 - -4c901aa?
4c901ab
In base 6, what is 1341105 + 545?
1342054
In base 15, what is 233 - 10042?
-ed0e
In base 15, what is -5 + 611e15?
611e10
In base 16, what is 2299900 + -4?
22998fc
In base 13, what is 33 + 1602a1?
160304
In base 15, what is 3d869 - -619?
3de83
In base 10, what is -2004367551 - -2?
-2004367549
In base 11, what is -95a7905 - 18?
-95a7922
In base 2, what is 1011100011101111 + 100111001?
1011101000101000
In base 3, what is 120010 + -11022211201?
-11022021121
In base 5, what is 12 - -320420132?
320420144
In base 13, what is -4b833 - -8?
-4b828
In base 10, what is -328410 - 148?
-328558
In base 9, what is 2528 - 4307?
-1668
In base 5, what is 241103 - 31224?
204324
In base 3, what is -120 - -122202200120002?
122202200112112
In base 14, what is -7da1b5 - -11?
-7da1a4
In base 15, what is -8 + -1722da?
-1722e3
In base 16, what is -16 + -acf7?
-ad0d
In base 10, what is 46 + 1117787?
1117833
In base 12, what is 37aba + 10?
37b0a
In base 14, what is 51 + 4c84?
4cd5
In base 4, what is 1320211 - -312?
1321123
In base 8, what is -7 - -77170361?
77170352
In base 12, what is -1 - -3b63a6?
3b63a5
In base 9, what is 403233701 - -3?
403233704
In base 2, what is -111 - -101000110000001001101111101?
101000110000001001101110110
In base 3, what is 122020111212 + -10100?
122020101112
In base 9, what is -3 + -3377882?
-3377885
In base 4, what is -22120 - 112221011?
-112303131
In base 6, what is 202222044 - -11?
202222055
In base 7, what is -211 + 365316?
365105
In base 8, what is -37533022 + -112?
-37533134
In base 3, what is -10221010221000 + -1001?
-10221010222001
In base 2, what is 100010111001010111111 + 10011?
100010111001011010010
In base 7, what is 52 - -450130?
450212
In base 12, what is 1653b28 + 7a?
1653ba6
In base 14, what is 10c9d5 - -6?
10c9db
In base 7, what is 5 - 214531131?
-214531123
In base 16, what is 4 + -1b92308?
-1b92304
In base 6, what is -3514 - 1015334?
-1023252
In base 15, what is 8bee02b - -1?
8bee02c
In base 16, what is ad1 + -1a511?
-19a40
In base 13, what is 31c7 + -17522?
-14328
In base 16, what is 34 - 1ec3c?
-1ec08
In base 6, what is 450241230 + 11?
450241241
In base 16, what is -3da + -d38?
-1112
In base 6, what is -1200200134 - -30?
-1200200104
In base 6, what is 215505 + 141415?
401324
In base 6, what is 14322 + 1401541?
1420303
In base 11, what is -1 - 16a2337?
-16a2338
In base 16, what is -30a280b + -5?
-30a2810
In base 5, what is 0 + 14412220342?
14412220342
In base 4, what is -2 + -20001301320?
-20001